{"id":12,"date":"2023-10-03T13:24:46","date_gmt":"2023-10-03T11:24:46","guid":{"rendered":"https:\/\/woodarena.cz\/?page_id=12"},"modified":"2026-01-16T13:49:18","modified_gmt":"2026-01-16T12:49:18","slug":"12-2","status":"publish","type":"page","link":"https:\/\/woodarena.cz\/","title":{"rendered":"WOODARENA OSTRAVICE"},"content":{"rendered":"<section class=\"wpb-content-wrapper\"><p>[vc_row bg_type=&#8220;color&#8220; flex_height=&#8220;yes&#8220; middle_content=&#8220;yes&#8220; padding_bottom=&#8220;50&#8243; bg_color=&#8220;#e2e2e2&#8243; padding_top=&#8220;40&#8243;][vc_column][vc_column_text]<\/p>\n<h1 style=\"text-align: center;\">ICERINK &#8211; WOODAR\u00c9NA OSTRAVICE<\/h1>\n<h3 style=\"text-align: center; font-weight: bold;\">Za\u010d\u00edn\u00e1me 24. listopadu 2025!!!<\/h3>\n<p style=\"text-align: center;\">Sez\u00f3nu ukon\u010d\u00edme 28. \u00fanora 2026<\/p>\n<h4 style=\"text-align: center;\">Rezervace pouze telefonicky\u00a0\u2014\u00a0+420 725 399 504<\/h4>\n<p>[\/vc_column_text]<div class=\"eut-element eut-align-center\"><a class=\"eut-btn eut-btn-medium eut-round eut-bg-primary-2\" href=\"https:\/\/www.google.com\/maps\/place\/WOODARENA+Ostravice\/@49.538772,18.3944636,258m\/data=!3m1!1e3!4m6!3m5!1s0x47140acc6e0629b9:0xfe53ff0e3f1996ec!8m2!3d49.5387954!4d18.3942527!16s%2Fg%2F11c0q1fp0n?entry=ttu\" target=\"_blank\" style=\"\"><span>POZICE WOODAR\u00c9NY PRO NAVIGACI<\/span><\/a><\/div>[\/vc_column][\/vc_row][vc_row][vc_column][vc_raw_html]JTNDZGl2JTIwc3R5bGUlM0QlMjJ3aWR0aCUzQTEwMCUyNSUzQnRleHQtYWxpZ24lM0FjZW50ZXIlMjIlM0UlM0NpZnJhbWUlMjBzcmMlM0QlMjJodHRwcyUzQSUyRiUyRmNhbGVuZGFyLmdvb2dsZS5jb20lMkZjYWxlbmRhciUyRmVtYmVkJTNGaGVpZ2h0JTNENjAwJTI2d2tzdCUzRDIlMjZjdHolM0RFdXJvcGUlMjUyRlByYWd1ZSUyNnNob3dQcmludCUzRDAlMjZzaG93Q2FsZW5kYXJzJTNEMCUyNnNob3dUeiUzRDAlMjZzaG93VGl0bGUlM0QwJTI2bW9kZSUzRFdFRUslMjZzcmMlM0RNMjQzYURFeU5YWjFhbUpsTUdsMU1teHpaSFl5WW1vd00ydEFaM0p2ZFhBdVkyRnNaVzVrWVhJdVoyOXZaMnhsTG1OdmJRJTI2Y29sb3IlM0QlMjUyM2E3OWI4ZSUyMiUyMHN0eWxlJTNEJTIyZGlzcGxheSUzQWlubGluZS1ibG9jayUzQmJvcmRlci13aWR0aCUzQTAlMjIlMjB3aWR0aCUzRCUyMjgwMCUyMiUyMGhlaWdodCUzRCUyMjYwMCUyMiUyMGZyYW1lYm9yZGVyJTNEJTIyMCUyMiUyMHNjcm9sbGluZyUzRCUyMm5vJTIyJTNFJTNDJTJGaWZyYW1lJTNFJTNDJTJGZGl2JTNF[\/vc_raw_html][\/vc_column][\/vc_row][vc_row][vc_column width=&#8220;1\/6&#8243;][\/vc_column][vc_column width=&#8220;2\/3&#8243;][vc_column_text]<\/p>\n<div class=\"icerink-info\">\n<h3>ICERINK REZERVACE<\/h3>\n<p><strong>Hanz Blanar<\/strong>: <a href=\"tel:+420725399504\">+420 725 399 504<\/a><\/p>\n<hr \/>\n<h4>Provozn\u00ed doba ledu<\/h4>\n<p><strong>Po\u2013Ne 6:00\u201322:00<\/strong><\/p>\n<h4>Rezervace<\/h4>\n<p><em>pouze telefonicky<\/em> \u2014 <a href=\"tel:+420725399504\"><strong>+420 725 399 504<\/strong><\/a><\/p>\n<h4>Doprava autobusem<\/h4>\n<p><em>pouze telefonicky<\/em> \u2014 <a href=\"tel:+420608228227\"><strong>+420 608 228 227<\/strong><\/a><\/p>\n<h4>Cen\u00edk<\/h4>\n<ul>\n<li><strong>Pron\u00e1jem cel\u00e9 ledov\u00e9 plochy:<\/strong> 2 500 K\u010d (v\u00edkend), 2 200 K\u010d (po-p\u00e1)<\/li>\n<li><strong>Ve\u0159ejn\u00e9 bruslen\u00ed:<\/strong> dosp\u011bl\u00ed 150 K\u010d, d\u011bti 100 K\u010d<\/li>\n<li><strong>Rybn\u00edk<\/strong> (bruslen\u00ed s hokejkou a pukem): 200 K\u010d<\/li>\n<li><strong>P\u016fj\u010dovna brusl\u00ed:<\/strong> dosp\u011bl\u00ed 100 K\u010d, d\u011bti 50 K\u010d<\/li>\n<li><strong>Brou\u0161en\u00ed brusl\u00ed:<\/strong> 200 K\u010d<\/li>\n<\/ul>\n<p><strong>Dle dohody mo\u017enost dopravy v\u011bt\u0161\u00ed skupiny brusla\u0159\u016f na\u0161\u00edm autobusem.<\/strong><\/p>\n<\/div>\n<p>[\/vc_column_text][\/vc_column][vc_column width=&#8220;1\/6&#8243;][\/vc_column][\/vc_row][vc_row][vc_column]<div class=\"eut-element eut-video\" style=\"\"><iframe loading=\"lazy\" title=\"IceRink Ostravice \u2013 \u017eiv\u00e9 vys\u00edl\u00e1n\u00ed\" width=\"1080\" height=\"810\" src=\"https:\/\/www.youtube.com\/embed\/S-a6CbFN1rI?feature=oembed\" frameborder=\"0\" allow=\"accelerometer; autoplay; clipboard-write; encrypted-media; gyroscope; picture-in-picture; web-share\" referrerpolicy=\"strict-origin-when-cross-origin\" allowfullscreen><\/iframe><\/div>[\/vc_column][\/vc_row][vc_row flex_height=&#8220;yes&#8220; middle_content=&#8220;yes&#8220; padding_bottom=&#8220;0&#8243; margin_bottom=&#8220;0&#8243; padding_top=&#8220;20&#8243;][vc_column]<div class=\"eut-element eut-image eut-align-center\" style=\"\"><img loading=\"lazy\" decoding=\"async\" width=\"300\" height=\"288\" src=\"https:\/\/woodarena.cz\/wp-content\/uploads\/2023\/10\/bsa_logo-300x288.png\" class=\"attachment-medium size-medium\" alt=\"\" srcset=\"https:\/\/woodarena.cz\/wp-content\/uploads\/2023\/10\/bsa_logo-300x288.png 300w, https:\/\/woodarena.cz\/wp-content\/uploads\/2023\/10\/bsa_logo-1024x983.png 1024w, https:\/\/woodarena.cz\/wp-content\/uploads\/2023\/10\/bsa_logo-768x737.png 768w, https:\/\/woodarena.cz\/wp-content\/uploads\/2023\/10\/bsa_logo.png 1500w\" sizes=\"auto, (max-width: 300px) 100vw, 300px\" \/><\/div>[vc_column_text]<\/p>\n<h3 style=\"text-align: center;\">PROVOZOVATEL WOODAR\u00c9NY:<\/h3>\n<p style=\"text-align: center;\">Beskydsk\u00e1 sportovn\u00ed akademie s.r.o.<br \/>\nTel.: +420 608 228 227<br \/>\nE-mail: <a href=\"mailto:libor.uher@atlas.cz\">libor.uher@atlas.cz<\/a><br \/>\nI\u010cO: 07209801,\u00a0DI\u010c: CZ07209801<br \/>\nPalkovice \u010d.p. 158,\u00a073941<br \/>\n\u010cesk\u00e1 republika<\/p>\n<p>[\/vc_column_text][\/vc_column][\/vc_row][vc_row padding_bottom=&#8220;0&#8243; margin_bottom=&#8220;0&#8243; padding_top=&#8220;40&#8243;][vc_column][vc_column_text]<\/p>\n<p style=\"text-align: center;\"><strong>PARTNE\u0158I WOODARENY<\/strong><\/p>\n<p>[\/vc_column_text][\/vc_column][\/vc_row][vc_row padding_top=&#8220;0&#8243; padding_bottom=&#8220;0&#8243; margin_bottom=&#8220;0&#8243;][vc_column width=&#8220;1\/2&#8243;]<div class=\"eut-element eut-image eut-align-center\" style=\"\"><a href=\"https:\/\/ridera.cz\/\" target=\"_blank\"><img loading=\"lazy\" decoding=\"async\" width=\"300\" height=\"300\" src=\"https:\/\/woodarena.cz\/wp-content\/uploads\/2023\/10\/ridera-300x300.png\" class=\"attachment-medium size-medium\" alt=\"\" srcset=\"https:\/\/woodarena.cz\/wp-content\/uploads\/2023\/10\/ridera-300x300.png 300w, https:\/\/woodarena.cz\/wp-content\/uploads\/2023\/10\/ridera-150x150.png 150w, https:\/\/woodarena.cz\/wp-content\/uploads\/2023\/10\/ridera-768x768.png 768w, https:\/\/woodarena.cz\/wp-content\/uploads\/2023\/10\/ridera-600x600.png 600w, https:\/\/woodarena.cz\/wp-content\/uploads\/2023\/10\/ridera.png 1000w\" sizes=\"auto, (max-width: 300px) 100vw, 300px\" \/><\/a><\/div>[\/vc_column][vc_column width=&#8220;1\/2&#8243;]<div class=\"eut-element eut-image eut-align-center\" style=\"\"><a href=\"https:\/\/www.obec-ostravice.cz\/\" target=\"_blank\"><img loading=\"lazy\" decoding=\"async\" width=\"300\" height=\"252\" src=\"https:\/\/woodarena.cz\/wp-content\/uploads\/2025\/11\/ostravaice_logo-1-300x252.jpg\" class=\"attachment-medium size-medium\" alt=\"\" srcset=\"https:\/\/woodarena.cz\/wp-content\/uploads\/2025\/11\/ostravaice_logo-1-300x252.jpg 300w, https:\/\/woodarena.cz\/wp-content\/uploads\/2025\/11\/ostravaice_logo-1.jpg 600w\" sizes=\"auto, (max-width: 300px) 100vw, 300px\" \/><\/a><\/div>[\/vc_column][\/vc_row]<\/p>\n<\/section>","protected":false},"excerpt":{"rendered":"<p>[vc_row bg_type=&#8220;color&#8220; flex_height=&#8220;yes&#8220; middle_content=&#8220;yes&#8220; padding_bottom=&#8220;50&#8243; bg_color=&#8220;#e2e2e2&#8243; padding_top=&#8220;40&#8243;][vc_column][vc_column_text] ICERINK &#8211; WOODAR\u00c9NA OSTRAVICE Za\u010d\u00edn\u00e1me 24. listopadu 2025!!! Sez\u00f3nu ukon\u010d\u00edme 28. \u00fanora 2026 Rezervace pouze telefonicky\u00a0\u2014\u00a0+420 725 399 504 [\/vc_column_text][\/vc_column][\/vc_row][vc_row][vc_column][vc_raw_html]JTNDZGl2JTIwc3R5bGUlM0QlMjJ3aWR0aCUzQTEwMCUyNSUzQnRleHQtYWxpZ24lM0FjZW50ZXIlMjIlM0UlM0NpZnJhbWUlMjBzcmMlM0QlMjJodHRwcyUzQSUyRiUyRmNhbGVuZGFyLmdvb2dsZS5jb20lMkZjYWxlbmRhciUyRmVtYmVkJTNGaGVpZ2h0JTNENjAwJTI2d2tzdCUzRDIlMjZjdHolM0RFdXJvcGUlMjUyRlByYWd1ZSUyNnNob3dQcmludCUzRDAlMjZzaG93Q2FsZW5kYXJzJTNEMCUyNnNob3dUeiUzRDAlMjZzaG93VGl0bGUlM0QwJTI2bW9kZSUzRFdFRUslMjZzcmMlM0RNMjQzYURFeU5YWjFhbUpsTUdsMU1teHpaSFl5WW1vd00ydEFaM0p2ZFhBdVkyRnNaVzVrWVhJdVoyOXZaMnhsTG1OdmJRJTI2Y29sb3IlM0QlMjUyM2E3OWI4ZSUyMiUyMHN0eWxlJTNEJTIyZGlzcGxheSUzQWlubGluZS1ibG9jayUzQmJvcmRlci13aWR0aCUzQTAlMjIlMjB3aWR0aCUzRCUyMjgwMCUyMiUyMGhlaWdodCUzRCUyMjYwMCUyMiUyMGZyYW1lYm9yZGVyJTNEJTIyMCUyMiUyMHNjcm9sbGluZyUzRCUyMm5vJTIyJTNFJTNDJTJGaWZyYW1lJTNFJTNDJTJGZGl2JTNF[\/vc_raw_html][\/vc_column][\/vc_row][vc_row][vc_column width=&#8220;1\/6&#8243;][\/vc_column][vc_column width=&#8220;2\/3&#8243;][vc_column_text] ICERINK REZERVACE Hanz Blanar: +420 725 399 504 Provozn\u00ed doba ledu Po\u2013Ne 6:00\u201322:00 Rezervace pouze telefonicky \u2014 +420 725 399 504 Doprava autobusem pouze telefonicky \u2014 [&hellip;]<\/p>\n","protected":false},"author":2,"featured_media":0,"parent":0,"menu_order":0,"comment_status":"closed","ping_status":"closed","template":"","meta":{"footnotes":""},"class_list":["post-12","page","type-page","status-publish","hentry"],"_links":{"self":[{"href":"https:\/\/woodarena.cz\/index.php?rest_route=\/wp\/v2\/pages\/12","targetHints":{"allow":["GET"]}}],"collection":[{"href":"https:\/\/woodarena.cz\/index.php?rest_route=\/wp\/v2\/pages"}],"about":[{"href":"https:\/\/woodarena.cz\/index.php?rest_route=\/wp\/v2\/types\/page"}],"author":[{"embeddable":true,"href":"https:\/\/woodarena.cz\/index.php?rest_route=\/wp\/v2\/users\/2"}],"replies":[{"embeddable":true,"href":"https:\/\/woodarena.cz\/index.php?rest_route=%2Fwp%2Fv2%2Fcomments&post=12"}],"version-history":[{"count":196,"href":"https:\/\/woodarena.cz\/index.php?rest_route=\/wp\/v2\/pages\/12\/revisions"}],"predecessor-version":[{"id":296,"href":"https:\/\/woodarena.cz\/index.php?rest_route=\/wp\/v2\/pages\/12\/revisions\/296"}],"wp:attachment":[{"href":"https:\/\/woodarena.cz\/index.php?rest_route=%2Fwp%2Fv2%2Fmedia&parent=12"}],"curies":[{"name":"wp","href":"https:\/\/api.w.org\/{rel}","templated":true}]}}